(m) = 3*m - 52. Let t be b(19). Suppose -8*j + 3*j = 3*a + 5, 0 = -4*a - 5*j - t. Determine y(a).
29
Let x(p) = p**3 + p**2 - p + 2. Let g(k) = -6*k**3 - 2*k**2 + 7*k + 1. Let c(u) = -g(u) - 5*x(u). Calculate c(4).
-3
Let x(i) = 33*i + 537 + 12*i + i**2 + 10*i + 6*i - 10*i. Give x(-36).
-3
Let m(f) be the first derivative of f**4/24 - 2*f**3/3 + 33*f**2 - 2*f - 148. Let x(o) be the second derivative of m(o). Give x(-6).
-10
Let w(o) be the third derivative of o**4/4 + 181*o**3/6 - 39*o**2 - 37*o + 2. Determine w(-28).
13
Let h(k) = 2*k. Let d(w) = -w**2 - 6*w - 3. Let s(t) = -d(t) - 4*h(t). Suppose -25 = -5*p, 3*q - 43 = 2*p - p. Let m = q + -14. Give s(m).
3
Let v(m) = 4 + 2*m - 5*m**2 + 0*m**3 - 4 + 2 + m**3. Suppose -39 = 3*s + 189. Let b = 80 + s. Give v(b).
-6
Let b(o) be the first derivative of -o**2/2 - 1557. Let k(t) = -4*t - t + t. Let d(z) = -3*b(z) + k(z). Determine d(3).
-3
Let t(h) = h**3 - 4*h**2 + 8*h + 4. Let w(p) = -2*p**2 + 13*p - 2. Let v be w(6). Determine t(v).
36
Let l(z) = -9*z**3 + 4*z**2 + 7*z + 6. Let s(n) = 20*n**3 - 8*n**2 - 16*n - 13. Let r(f) = 9*l(f) + 4*s(f). Suppose -78 + 58 = -5*k. Calculate r(k).
-2
Suppose -1 = 5*c + r, 2*r = -3*c + 4*r + 2. Let z be (c + (-1)/1)/1. Let y(i) = 8*i + 1. Let d(g) = -40*g - 6. Let u(l) = -2*d(l) - 11*y(l). What is u(z)?
9
Let a(j) = -1597*j + j**2 + 3325*j - 1688*j + 259. Determine a(-32).
3
Let y(i) = i - i - 3 - 2*i + 0*i - 2*i**2 + i. Let g(m) = -3*m**2 - 6*m - 5. Let l(w) = g(w) - y(w). Calculate l(-3).
4
Let f(t) = -t**2 - 4*t - 2. Suppose 0 = -5*l - 0*l + 15. Suppose 27*w = -39*w + 66. Suppose y + l = -w. What is f(y)?
-2
Let y(r) = 4*r - 4. Let t(o) = o - 1. Suppose 5*c - 4*h = 2*c + 74, 0 = 2*c - 5*h - 40. Let a(g) = c*t(g) - 6*y(g). What is a(4)?
18
Let a(j) = j**3 - 12*j**2 + 4*j - 51. Let h be 15/(-45) + (-407)/(-33). Determine a(h).
-3
Let i = 3678 - 3683. Let o(w) = -4*w**2 - 19*w + 3. Calculate o(i).
-2
Let a(x) = -14468 - 14462 + 43383 - 14453 + 2*x**2 - 3*x - x**3. Suppose -4*b + 12 = 4. Determine a(b).
-6
Suppose r + 60 + 68 = 5*p, 0 = 2*p - 3*r - 33. Let z(g) be the third derivative of 0*g - p*g**2 + 1/6*g**3 + 1/12*g**4 - 11/60*g**5 + 0. What is z(-1)?
-12
Let y(f) = -2*f**2 - f - 6. Let m(b) = 1. Let l(t) = -5*m(t) - y(t). Let p = 109 + -99. Suppose -21*s - p = -11*s. Determine l(s).
2
Let f(k) = -k**2 - 5*k + 60. Let b = 8586 + -8580. Determine f(b).
-6
Let j = -919 - -1409. Let q = j + -486. Let m(y) be the second derivative of y**4/12 - 5*y**2/2 - y. Calculate m(q).
11
Let u(m) = -15*m - 16. Let q(a) = -4*a - 81. Let w be q(-22). Calculate u(w).
-121
Let t = -203 - -208. Let o be (-2)/6*65/t*3. Let v(l) = l + 7. Give v(o).
-6
Let t(w) = -w**2 + 1. Let c be (2 - -1)*(14/6 + -3). Let x be t(c). Let i(g) = -g**3 - 3*g**2 - 3*g - 4. Calculate i(x).
5
Let f(u) = 15*u. Let s(t) = 174*t + 87. Let i(m) = -12*f(m) + s(m). Give i(11).
21
Let i = -15148/3 - -5050. Let c(l) be the first derivative of i*l**3 + 2*l**2 + 28 + 3*l. What is c(-3)?
9
Let i(s) = -9*s**3 - 4*s**2 - s + 58. Let t(z) = 2*z**3 - 14. Let m(x) = i(x) + 4*t(x). Suppose -5*u + 30 - 10 = 0. Let y be -1*u*2/4. Calculate m(y).
-4
Let m be (-14)/(-3)*(-54)/(-21). Let p be (-4)/(-22) + (-11988)/(-1221). Let a(n) = -m*n - 1 - n + p*n. Give a(-1).
2
Suppose 78*o + 76 = 74*o. Let t(u) be the first derivative of u**3/3 + 9*u**2 - 21*u - 44. Give t(o).
-2
Let x = 474 - 458. Let p(i) = 2*i**2 - 32*i + 6. What is p(x)?
6
Let o(u) = -3*u - 26. Let m be 2 - (-9)/((-18)/22). What is o(m)?
1
Let p = 4 + 1. Suppose -4*s + 0*s + 29 = -5*t, 0 = -3*s + p*t + 23. Let i(u) = -2934*u**2 - 2935*u**2 + 8 + 8807*u**2 - 2937*u**2 - 9*u. Determine i(s).
-10
Let n = -47 - -50. Let x(y) = 574*y**2 - y**n + y - 585*y**2 - 10*y + 5. Determine x(-10).
-5
Suppose 22*n - 23*n = -o - 5, 4*n - 2*o = 14. Let p(k) be the second derivative of 10*k + 0 + 2/3*k**4 - 1/20*k**5 - 3*k**n - 5/6*k**3. Calculate p(7).
8
Let i(r) = -566*r - 22 - 7 - 553*r + 1118*r. Give i(-11).
-18
Let g(s) be the first derivative of -29*s**3/3 - s**2/2 - s - 92. Give g(1).
-31
Let g(y) be the second derivative of -y**5/20 + 7*y**4/12 - 5*y**3/6 + y**2 - 3*y. Let t be g(6). Let k(x) = 31 + 31 - x + 37 - 185 + 80. What is k(t)?
-14
Let g = 7 - 4. Let p(y) = y - 3. Let k(h) = -15*h + 327. Let d(t) = -8*t + 178. Let v(q) = 11*d(q) - 6*k(q). Let j(z) = g*p(z) - 2*v(z). Give j(0).
-1
Let t(l) = -8*l**2 - 2*l + 1. Suppose -4*a = 3*s + 212, -2*a - 4*s - 60 = 56. Suppose -37 = -5*w - 282. Let q = w - a. Determine t(q).
-9
Let s(b) be the first derivative of -10*b**3/3 - b**2/2 - 68. Suppose -z - 2*c = -9, -3*z + 2*z - 3*c = -14. What is s(z)?
-9
Let v(h) = -121*h + 77. Let i(s) = 171*s - 116. Let w(z) = 5*i(z) + 7*v(z). Give w(-7).
-97
Let s = -5 - 1. Let h(i) = i**2 - 8*i - 4. Let n(g) = 509 - 1025 + 515 - 2*g - g. Let w(f) = h(f) - 5*n(f). Give w(s).
-5
Let m = -335 - -326. Let f be 3/(-2)*((-319)/(-33) + m). Let j(n) = -8*n**2 - 1. Determine j(f).
-9
Let p = 48 - 42. Let h be (p - 0)/(6/8). Let n(f) = -f**3 + 6*f**2 + 17*f - 2. Let x be n(h). Let m(w) = -w**3 + 6*w**2 - w + 8. What is m(x)?
2
Let g(k) = 35*k**2 - 45 - 57*k**2 + 23*k**2 + 46*k. Give g(-47).
2
Suppose 3*w - 2*w = 12. Suppose -26*u = -32*u + w. Let t(v) = -v. Calculate t(u).
-2
Let c(z) = z**2 - 5*z + 2. Suppose -4*o + 4 = 176. Let t(k) = -k**2 - 16*k - 3. Let b be t(-12). Let j = o + b. Calculate c(j).
-4
Let u(t) be the first derivative of 5/2*t**4 + t + 153 + 2/3*t**3 + t**2. Suppose 3*d + 3*q + 1 = -5, 0 = -5*q - 5. What is u(d)?
-9
Let b(k) be the second derivative of 0 - k**2 + 43*k + 1/3*k**3. What is b(1)?
0
Suppose 0 = -3*n + 2*a - 42, 4*n + 934 - 901 = -5*a. Let j(q) = 24*q + 299. Determine j(n).
11
Let a(r) = -16*r**2 - 12*r + 3. Let u(f) = -29*f**2 - 23*f + 7. Let t(h) = 11*a(h) - 6*u(h). Determine t(2).
-5
Let i = 21 + -19. Suppose 0*o = -i*o. Let t(v) = -1 - 115*v + o + 106*v. What is t(1)?
-10
Let k(x) = -x - 8*x**2 + 1 - 4*x**2 + 11*x**2. Let s be k(2). Let u(g) = -g**3 - 5*g**2 + 6. Calculate u(s).
6
Let a be ((-572)/65)/(2/(-5)). Let m(y) = 21*y - 63*y + a*y - 3 + 19*y. Let z be (1/2)/((-1)/14). What is m(z)?
4
Let h = -33 - -30. Let f be -7 - (h - 1) - -12. Let y(q) = -f*q - q**3 + 4*q + 4*q - 6*q**2 + 0*q. Give y(-6).
6
Let s(u) = -5 + 16*u + 4*u - 11*u - 15*u. Determine s(0).
-5
Let l(f) = 0*f + 3*f + f + 5*f - 18*f - 1. What is l(-4)?
35
Let n(t) be the first derivative of -7*t**2/2 + 52*t - 1444. What is n(6)?
10
Suppose -11*z = 4*k - 15*z - 12, k + z - 11 = 0. Let j(i) = -2*i**3 - 8*i**2 - 20*i**2 + i**3 - 3*i + 29*i**2 - 1 - k*i**2. Calculate j(-4).
-21
Let f(v) = 27*v - 196. Let n(b) = 488*b - 968. Let z be n(2). What is f(z)?
20
Let r = 570 + -574. Let u be (-1)/(((-36)/(-72))/(46/r)). Let a(s) = 2*s**2 - 45*s - 16. Give a(u).
7
Let v(r) = 8 - 3 + 8*r - 13 - 3 - 7. What is v(5)?
22
Let m(h) = 8*h + 886 + h + 2*h**2 - 1757 + 881. Determine m(-5).
15
Let j be 12 + (49/7)/(-1). Suppose 5*l - o = 2*o + 40, -5 = -j*l - 4*o. Let t(d) be the third derivative of d**5/60 - d**4/4 - d**3/6 + d**2. What is t(l)?
-6
Let q(z) be the first derivative of z**4/12 - 7*z**3/6 - 4*z**2 + 1. Let u(c) be the second derivative of q(c). Give u(10).
13
Let y(p) = -6*p + 60. Suppose 1442*m - 1346*m - 480 = 0. Calculate y(m).
30
Let r(d) be the first derivative of -d**6/120 + d**5/30 + d**3/2 - 9*d**2/2 - 4*d - 103. Let h(b) be the second derivative of r(b). Calculate h(2).
3
Suppose -132*v + 130*v + 3*k = 45, v + 13*k - 137 = 0. Let f(s) = -4*s**2 + 16*s - 45. Let c(l) = l**2 - 5*l + 15. Let g(q) = 7*c(q) + 2*f(q). What is g(v)?
-3
Let j(d) = d**2 + 16*d + 48. Let g be 2 + -19 + 20 + -15. Let u be j(g). Let p(l) = l**3 - l**2 + l - 33. What is p(u)?
-33
Let f(z) = 3*z**3 - z**2. Let g(p) = 5*p**3 + 20*p**2 - 18*p - 47. Let o(m) = -2*f(m) + g(m). Calculate o(21).
16
Let k(l) = 2*l**3 + 2*l**2 + l - 2. Let v(g) = g**3 - g**2 - 1. Let a(r) = -k(r) + 3*v(r). Suppose -341*i + 265*i = -380. Calculate a(i).
-6
Let d(c) be the second derivative of c**5/10 - c**4/4 - 2*c**3/3 - c**2/2 + c. Let y = 119922 - 119919. Calculate d(y).
14
Let m(n) = 3*n**3 - 3*n**2 + 2*n - 10. Let t(z) = -z**3 + z**2 + z + 4. Let g(k) = -m(k) - 4*t(k). Determine g(3).
-6
Let k(g) be the first derivative of g**3/3 + 3*g**2/2 + 6*